{"id":175,"date":"2022-03-21T15:57:00","date_gmt":"2022-03-21T14:57:00","guid":{"rendered":"http:\/\/fyahstation.local:8090\/?page_id=175"},"modified":"2023-01-05T08:45:12","modified_gmt":"2023-01-05T07:45:12","slug":"qui-sommes-nous","status":"publish","type":"page","link":"https:\/\/www.typogone-editions.com\/index.php\/qui-sommes-nous\/","title":{"rendered":"Qui sommes-nous?"},"content":{"rendered":"\n<div class=\"wp-block-columns is-layout-flex wp-container-core-columns-is-layout-9d6595d7 wp-block-columns-is-layout-flex\">\n<div class=\"wp-block-column has-background is-layout-flow wp-block-column-is-layout-flow\" style=\"background-color:#fecc48;flex-basis:20%\">\n<figure class=\"wp-block-image size-full is-style-default\"><img loading=\"lazy\" decoding=\"async\" width=\"286\" height=\"600\" src=\"https:\/\/www.typogone-editions.com\/wp-content\/uploads\/2023\/01\/femme1haut-fond-rouge-2-286x1024-1.png\" alt=\"\" class=\"wp-image-498\" srcset=\"https:\/\/www.typogone-editions.com\/wp-content\/uploads\/2023\/01\/femme1haut-fond-rouge-2-286x1024-1.png 286w, https:\/\/www.typogone-editions.com\/wp-content\/uploads\/2023\/01\/femme1haut-fond-rouge-2-286x1024-1-143x300.png 143w\" sizes=\"auto, (max-width: 286px) 85vw, 286px\" \/><\/figure>\n<\/div>\n\n\n\n<div class=\"wp-block-column is-layout-flow wp-block-column-is-layout-flow\" style=\"flex-basis:60%\">\n<p><strong>Deux gones associ\u00e9es par les mots.<\/strong><\/p>\n<p>Jeune maison d\u2019\u00e9dition lyonnaise, n\u00e9e d\u2019une aventure \u00e9ditoriale autour de la bande dessin\u00e9e, nous portons aujourd&rsquo;hui notre attention sur la jeunesse. Pour ce lectorat curieux, avide de contenu approfondi et cr\u00e9atif, notre ambition est de cultiver leur envie de se questionner et d&rsquo;ouvrir le d\u00e9bat par une ligne \u00e9ditoriale s\u00e9rieuse, adapt\u00e9e et novatrice.\u00a0<\/p>\n<p>Demain, nous souhaitons enrichir notre catalogue gr\u00e2ce \u00e0 des auteurs de tout horizon pour r\u00e9v\u00e9ler au public des voix inattendues, explorer de nouveaux styles et courants artistiques pour offrir aux lecteurs un regard frais et percutant.<\/p>\n<\/div>\n\n\n\n<div class=\"wp-block-column has-background is-layout-flow wp-block-column-is-layout-flow\" style=\"background-color:#0079c0;flex-basis:20%\">\n<figure class=\"wp-block-image size-full is-style-default\"><img loading=\"lazy\" decoding=\"async\" width=\"286\" height=\"600\" src=\"https:\/\/www.typogone-editions.com\/wp-content\/uploads\/2023\/01\/femme2haut-fond-jaune-2-286x1024-1.png\" alt=\"\" class=\"wp-image-497\" srcset=\"https:\/\/www.typogone-editions.com\/wp-content\/uploads\/2023\/01\/femme2haut-fond-jaune-2-286x1024-1.png 286w, https:\/\/www.typogone-editions.com\/wp-content\/uploads\/2023\/01\/femme2haut-fond-jaune-2-286x1024-1-143x300.png 143w\" sizes=\"auto, (max-width: 286px) 85vw, 286px\" \/><\/figure>\n<\/div>\n<\/div>\n","protected":false},"excerpt":{"rendered":"<p>Deux gones associ\u00e9es par les mots. Jeune maison d\u2019\u00e9dition lyonnaise, n\u00e9e d\u2019une aventure \u00e9ditoriale autour de la bande dessin\u00e9e, nous portons aujourd&rsquo;hui notre attention sur la jeunesse. Pour ce lectorat curieux, avide de contenu approfondi et cr\u00e9atif, notre ambition est de cultiver leur envie de se questionner et d&rsquo;ouvrir le d\u00e9bat par une ligne \u00e9ditoriale &hellip; <a href=\"https:\/\/www.typogone-editions.com\/index.php\/qui-sommes-nous\/\" class=\"more-link\">Continuer la lecture<span class=\"screen-reader-text\"> de &laquo;&nbsp;Qui sommes-nous?&nbsp;&raquo;<\/span><\/a><\/p>\n","protected":false},"author":1,"featured_media":0,"parent":0,"menu_order":0,"comment_status":"closed","ping_status":"closed","template":"","meta":{"footnotes":""},"class_list":["post-175","page","type-page","status-publish","hentry"],"yoast_head":"<!-- This site is optimized with the Yoast SEO plugin v27.1 - https:\/\/yoast.com\/product\/yoast-seo-wordpress\/ -->\n<title>Qui sommes-nous? - Typogone \u00e9ditions<\/title>\n<meta name=\"description\" content=\"Deux gones associ\u00e9es par les mots: jeune maison d\u2019\u00e9dition lyonnaise, n\u00e9e d\u2019une aventure \u00e9ditoriale autour de la bande dessin\u00e9e\" \/>\n<meta name=\"robots\" content=\"index, follow, max-snippet:-1, max-image-preview:large, max-video-preview:-1\" \/>\n<link rel=\"canonical\" href=\"https:\/\/www.typogone-editions.com\/index.php\/qui-sommes-nous\/\" \/>\n<meta property=\"og:locale\" content=\"fr_FR\" \/>\n<meta property=\"og:type\" content=\"article\" \/>\n<meta property=\"og:title\" content=\"Qui sommes-nous? - Typogone \u00e9ditions\" \/>\n<meta property=\"og:description\" content=\"Deux gones associ\u00e9es par les mots: jeune maison d\u2019\u00e9dition lyonnaise, n\u00e9e d\u2019une aventure \u00e9ditoriale autour de la bande dessin\u00e9e\" \/>\n<meta property=\"og:url\" content=\"https:\/\/www.typogone-editions.com\/index.php\/qui-sommes-nous\/\" \/>\n<meta property=\"og:site_name\" content=\"Typogone \u00e9ditions\" \/>\n<meta property=\"article:modified_time\" content=\"2023-01-05T07:45:12+00:00\" \/>\n<meta property=\"og:image\" content=\"https:\/\/www.typogone-editions.com\/wp-content\/uploads\/2023\/01\/femme1haut-fond-rouge-2-286x1024-1.png\" \/>\n<meta name=\"twitter:card\" content=\"summary_large_image\" \/>\n<meta name=\"twitter:label1\" content=\"Dur\u00e9e de lecture estim\u00e9e\" \/>\n\t<meta name=\"twitter:data1\" content=\"1 minute\" \/>\n<script type=\"application\/ld+json\" class=\"yoast-schema-graph\">{\"@context\":\"https:\/\/schema.org\",\"@graph\":[{\"@type\":\"WebPage\",\"@id\":\"https:\/\/www.typogone-editions.com\/index.php\/qui-sommes-nous\/\",\"url\":\"https:\/\/www.typogone-editions.com\/index.php\/qui-sommes-nous\/\",\"name\":\"Qui sommes-nous? - Typogone \u00e9ditions\",\"isPartOf\":{\"@id\":\"https:\/\/www.typogone-editions.com\/#website\"},\"primaryImageOfPage\":{\"@id\":\"https:\/\/www.typogone-editions.com\/index.php\/qui-sommes-nous\/#primaryimage\"},\"image\":{\"@id\":\"https:\/\/www.typogone-editions.com\/index.php\/qui-sommes-nous\/#primaryimage\"},\"thumbnailUrl\":\"https:\/\/www.typogone-editions.com\/wp-content\/uploads\/2023\/01\/femme1haut-fond-rouge-2-286x1024-1.png\",\"datePublished\":\"2022-03-21T14:57:00+00:00\",\"dateModified\":\"2023-01-05T07:45:12+00:00\",\"description\":\"Deux gones associ\u00e9es par les mots: jeune maison d\u2019\u00e9dition lyonnaise, n\u00e9e d\u2019une aventure \u00e9ditoriale autour de la bande dessin\u00e9e\",\"breadcrumb\":{\"@id\":\"https:\/\/www.typogone-editions.com\/index.php\/qui-sommes-nous\/#breadcrumb\"},\"inLanguage\":\"fr-FR\",\"potentialAction\":[{\"@type\":\"ReadAction\",\"target\":[\"https:\/\/www.typogone-editions.com\/index.php\/qui-sommes-nous\/\"]}]},{\"@type\":\"ImageObject\",\"inLanguage\":\"fr-FR\",\"@id\":\"https:\/\/www.typogone-editions.com\/index.php\/qui-sommes-nous\/#primaryimage\",\"url\":\"https:\/\/www.typogone-editions.com\/wp-content\/uploads\/2023\/01\/femme1haut-fond-rouge-2-286x1024-1.png\",\"contentUrl\":\"https:\/\/www.typogone-editions.com\/wp-content\/uploads\/2023\/01\/femme1haut-fond-rouge-2-286x1024-1.png\",\"width\":286,\"height\":600},{\"@type\":\"BreadcrumbList\",\"@id\":\"https:\/\/www.typogone-editions.com\/index.php\/qui-sommes-nous\/#breadcrumb\",\"itemListElement\":[{\"@type\":\"ListItem\",\"position\":1,\"name\":\"Accueil\",\"item\":\"https:\/\/www.typogone-editions.com\/\"},{\"@type\":\"ListItem\",\"position\":2,\"name\":\"Qui sommes-nous?\"}]},{\"@type\":\"WebSite\",\"@id\":\"https:\/\/www.typogone-editions.com\/#website\",\"url\":\"https:\/\/www.typogone-editions.com\/\",\"name\":\"Typogone \u00e9ditions\",\"description\":\"Maison d&#039;\u00e9dition\",\"publisher\":{\"@id\":\"https:\/\/www.typogone-editions.com\/#organization\"},\"potentialAction\":[{\"@type\":\"SearchAction\",\"target\":{\"@type\":\"EntryPoint\",\"urlTemplate\":\"https:\/\/www.typogone-editions.com\/?s={search_term_string}\"},\"query-input\":{\"@type\":\"PropertyValueSpecification\",\"valueRequired\":true,\"valueName\":\"search_term_string\"}}],\"inLanguage\":\"fr-FR\"},{\"@type\":\"Organization\",\"@id\":\"https:\/\/www.typogone-editions.com\/#organization\",\"name\":\"Typogone \u00e9ditions\",\"url\":\"https:\/\/www.typogone-editions.com\/\",\"logo\":{\"@type\":\"ImageObject\",\"inLanguage\":\"fr-FR\",\"@id\":\"https:\/\/www.typogone-editions.com\/#\/schema\/logo\/image\/\",\"url\":\"https:\/\/www.typogone-editions.com\/wp-content\/uploads\/2022\/03\/Logo-typogone-vecto.jpeg\",\"contentUrl\":\"https:\/\/www.typogone-editions.com\/wp-content\/uploads\/2022\/03\/Logo-typogone-vecto.jpeg\",\"width\":1038,\"height\":1038,\"caption\":\"Typogone \u00e9ditions\"},\"image\":{\"@id\":\"https:\/\/www.typogone-editions.com\/#\/schema\/logo\/image\/\"}}]}<\/script>\n<!-- \/ Yoast SEO plugin. -->","yoast_head_json":{"title":"Qui sommes-nous? - Typogone \u00e9ditions","description":"Deux gones associ\u00e9es par les mots: jeune maison d\u2019\u00e9dition lyonnaise, n\u00e9e d\u2019une aventure \u00e9ditoriale autour de la bande dessin\u00e9e","robots":{"index":"index","follow":"follow","max-snippet":"max-snippet:-1","max-image-preview":"max-image-preview:large","max-video-preview":"max-video-preview:-1"},"canonical":"https:\/\/www.typogone-editions.com\/index.php\/qui-sommes-nous\/","og_locale":"fr_FR","og_type":"article","og_title":"Qui sommes-nous? - Typogone \u00e9ditions","og_description":"Deux gones associ\u00e9es par les mots: jeune maison d\u2019\u00e9dition lyonnaise, n\u00e9e d\u2019une aventure \u00e9ditoriale autour de la bande dessin\u00e9e","og_url":"https:\/\/www.typogone-editions.com\/index.php\/qui-sommes-nous\/","og_site_name":"Typogone \u00e9ditions","article_modified_time":"2023-01-05T07:45:12+00:00","og_image":[{"url":"https:\/\/www.typogone-editions.com\/wp-content\/uploads\/2023\/01\/femme1haut-fond-rouge-2-286x1024-1.png","type":"","width":"","height":""}],"twitter_card":"summary_large_image","twitter_misc":{"Dur\u00e9e de lecture estim\u00e9e":"1 minute"},"schema":{"@context":"https:\/\/schema.org","@graph":[{"@type":"WebPage","@id":"https:\/\/www.typogone-editions.com\/index.php\/qui-sommes-nous\/","url":"https:\/\/www.typogone-editions.com\/index.php\/qui-sommes-nous\/","name":"Qui sommes-nous? - Typogone \u00e9ditions","isPartOf":{"@id":"https:\/\/www.typogone-editions.com\/#website"},"primaryImageOfPage":{"@id":"https:\/\/www.typogone-editions.com\/index.php\/qui-sommes-nous\/#primaryimage"},"image":{"@id":"https:\/\/www.typogone-editions.com\/index.php\/qui-sommes-nous\/#primaryimage"},"thumbnailUrl":"https:\/\/www.typogone-editions.com\/wp-content\/uploads\/2023\/01\/femme1haut-fond-rouge-2-286x1024-1.png","datePublished":"2022-03-21T14:57:00+00:00","dateModified":"2023-01-05T07:45:12+00:00","description":"Deux gones associ\u00e9es par les mots: jeune maison d\u2019\u00e9dition lyonnaise, n\u00e9e d\u2019une aventure \u00e9ditoriale autour de la bande dessin\u00e9e","breadcrumb":{"@id":"https:\/\/www.typogone-editions.com\/index.php\/qui-sommes-nous\/#breadcrumb"},"inLanguage":"fr-FR","potentialAction":[{"@type":"ReadAction","target":["https:\/\/www.typogone-editions.com\/index.php\/qui-sommes-nous\/"]}]},{"@type":"ImageObject","inLanguage":"fr-FR","@id":"https:\/\/www.typogone-editions.com\/index.php\/qui-sommes-nous\/#primaryimage","url":"https:\/\/www.typogone-editions.com\/wp-content\/uploads\/2023\/01\/femme1haut-fond-rouge-2-286x1024-1.png","contentUrl":"https:\/\/www.typogone-editions.com\/wp-content\/uploads\/2023\/01\/femme1haut-fond-rouge-2-286x1024-1.png","width":286,"height":600},{"@type":"BreadcrumbList","@id":"https:\/\/www.typogone-editions.com\/index.php\/qui-sommes-nous\/#breadcrumb","itemListElement":[{"@type":"ListItem","position":1,"name":"Accueil","item":"https:\/\/www.typogone-editions.com\/"},{"@type":"ListItem","position":2,"name":"Qui sommes-nous?"}]},{"@type":"WebSite","@id":"https:\/\/www.typogone-editions.com\/#website","url":"https:\/\/www.typogone-editions.com\/","name":"Typogone \u00e9ditions","description":"Maison d&#039;\u00e9dition","publisher":{"@id":"https:\/\/www.typogone-editions.com\/#organization"},"potentialAction":[{"@type":"SearchAction","target":{"@type":"EntryPoint","urlTemplate":"https:\/\/www.typogone-editions.com\/?s={search_term_string}"},"query-input":{"@type":"PropertyValueSpecification","valueRequired":true,"valueName":"search_term_string"}}],"inLanguage":"fr-FR"},{"@type":"Organization","@id":"https:\/\/www.typogone-editions.com\/#organization","name":"Typogone \u00e9ditions","url":"https:\/\/www.typogone-editions.com\/","logo":{"@type":"ImageObject","inLanguage":"fr-FR","@id":"https:\/\/www.typogone-editions.com\/#\/schema\/logo\/image\/","url":"https:\/\/www.typogone-editions.com\/wp-content\/uploads\/2022\/03\/Logo-typogone-vecto.jpeg","contentUrl":"https:\/\/www.typogone-editions.com\/wp-content\/uploads\/2022\/03\/Logo-typogone-vecto.jpeg","width":1038,"height":1038,"caption":"Typogone \u00e9ditions"},"image":{"@id":"https:\/\/www.typogone-editions.com\/#\/schema\/logo\/image\/"}}]}},"_links":{"self":[{"href":"https:\/\/www.typogone-editions.com\/index.php\/wp-json\/wp\/v2\/pages\/175","targetHints":{"allow":["GET"]}}],"collection":[{"href":"https:\/\/www.typogone-editions.com\/index.php\/wp-json\/wp\/v2\/pages"}],"about":[{"href":"https:\/\/www.typogone-editions.com\/index.php\/wp-json\/wp\/v2\/types\/page"}],"author":[{"embeddable":true,"href":"https:\/\/www.typogone-editions.com\/index.php\/wp-json\/wp\/v2\/users\/1"}],"replies":[{"embeddable":true,"href":"https:\/\/www.typogone-editions.com\/index.php\/wp-json\/wp\/v2\/comments?post=175"}],"version-history":[{"count":10,"href":"https:\/\/www.typogone-editions.com\/index.php\/wp-json\/wp\/v2\/pages\/175\/revisions"}],"predecessor-version":[{"id":499,"href":"https:\/\/www.typogone-editions.com\/index.php\/wp-json\/wp\/v2\/pages\/175\/revisions\/499"}],"wp:attachment":[{"href":"https:\/\/www.typogone-editions.com\/index.php\/wp-json\/wp\/v2\/media?parent=175"}],"curies":[{"name":"wp","href":"https:\/\/api.w.org\/{rel}","templated":true}]}}